In base 11, what is 13 - 67484?
-67471
In base 5, what is 22244 + -103?
22141
In base 11, what is -7 - 8972?
-8979
In base 16, what is 2200 + 6d?
226d
In base 2, what is 11010011 - 100011?
10110000
In base 16, what is 421e + 17d?
439b
In base 7, what is 221262 + -51?
221211
In base 4, what is 32212031 - -31?
32212122
In base 2, what is -11001111110010 + 10111?
-11001111011011
In base 11, what is -a + -418?
-427
In base 16, what is -4 + 102d80?
102d7c
In base 15, what is -53c + 3d?
-4ee
In base 11, what is -7838 + -6?
-7843
In base 14, what is -4 - 105ba?
-105c0
In base 3, what is 1 - 1200112201?
-1200112200
In base 12, what is -396720 + -1?
-396721
In base 8, what is -223 - 35000?
-35223
In base 7, what is 136 + -35610?
-35441
In base 2, what is -10100 + 1011001100110001110?
1011001100101111010
In base 4, what is 20 - -311212?
311232
In base 5, what is 22 - 32233144?
-32233122
In base 12, what is 9a3a16 - -5?
9a3a1b
In base 11, what is 3a08 + -42?
3976
In base 16, what is 13b + -a?
131
In base 7, what is 3454 - -1406?
5163
In base 5, what is 3 + 204030314?
204030322
In base 4, what is -1232211 - 333?
-1233210
In base 10, what is 87 + 57?
144
In base 12, what is -43 + 3753?
3710
In base 6, what is -101511 + 15?
-101452
In base 13, what is -343296 + 3?
-343293
In base 9, what is -23 - 1710?
-1733
In base 7, what is 23643502 - -2?
23643504
In base 15, what is 3c93 - -17d?
3e21
In base 5, what is 234234 - -130?
234414
In base 2, what is -1000010001111101 - 0?
-1000010001111101
In base 14, what is -5c17 - -1a?
-5bdb
In base 2, what is -11 - 1000101100111100?
-1000101100111111
In base 3, what is 22 - 102211?
-102112
In base 10, what is -265 - 5?
-270
In base 8, what is 313073 - 3?
313070
In base 9, what is 16 + -5241?
-5224
In base 5, what is 10133241433 + 4?
10133241442
In base 16, what is -41093 + c?
-41087
In base 3, what is 11011220 - -2?
11011222
In base 11, what is 22 - 2099?
-2077
In base 11, what is 2 + -440146?
-440144
In base 4, what is -332 + -10023?
-11021
In base 11, what is -3a - 1a15?
-1a54
In base 5, what is 311122 + -2310?
303312
In base 9, what is 40 + -43480?
-43440
In base 12, what is -26918 - -10?
-26908
In base 14, what is -28216 - 3?
-28219
In base 2, what is 10100000 + 110000001?
1000100001
In base 4, what is -10120 + 13323?
3203
In base 3, what is -1120201 - 20211?
-1211112
In base 12, what is 2a54 + -2?
2a52
In base 15, what is -59c6 - -1a?
-59ab
In base 13, what is -6c68 + 74?
-6bc4
In base 14, what is 6dc - 1c2?
51a
In base 7, what is 4 + -2562?
-2555
In base 6, what is -10035 - -25011?
14532
In base 11, what is -2 + -169a39?
-169a40
In base 13, what is -7b4c + 2?
-7b4a
In base 6, what is 1 - -104452?
104453
In base 11, what is 136 + -48a5?
-476a
In base 14, what is 4 - a910?
-a90a
In base 7, what is 221331 + -26?
221302
In base 11, what is 76 + -245?
-17a
In base 16, what is 174e8 - -a?
174f2
In base 14, what is -2 - -1cab?
1ca9
In base 13, what is -13bc - 71?
-1460
In base 10, what is -1129 + 11?
-1118
In base 2, what is -11100010111 + -101011010?
-100001110001
In base 3, what is 201 - 210112?
-202211
In base 11, what is 10 - -8199?
81a9
In base 8, what is 2715131 - 0?
2715131
In base 13, what is 3 - b8a1?
-b89b
In base 4, what is 102 - 1002213?
-1002111
In base 11, what is 188820 - 3?
188818
In base 5, what is 1002430 - 23?
1002402
In base 16, what is 1d73c + 3?
1d73f
In base 8, what is 7 + 45376?
45405
In base 8, what is 1440 + -36?
1402
In base 13, what is -5 + -7708?
-7710
In base 12, what is -b + 4a670?
4a661
In base 12, what is 1 + 85834?
85835
In base 8, what is 617214 - 7?
617205
In base 7, what is -13310 - 0?
-13310
In base 10, what is -3 - 510167?
-510170
In base 8, what is 73 + 503?
576
In base 11, what is -10 + -40383?
-40393
In base 4, what is 3230 - -11?
3301
In base 9, what is -11 + 501241?
501230
In base 9, what is -831 - -11742?
10811
In base 13, what is -5 - 50b42?
-50b47
In base 8, what is 2 - -16022?
16024
In base 7, what is -363 - 3554?
-4250
In base 2, what is -1001010 - 11001000110?
-11010010000
In base 15, what is -2 + -4c89d?
-4c8a0
In base 10, what is 396 - 65?
331
In base 10, what is -455 - 6269?
-6724
In base 14, what is 29 - -6505?
6530
In base 11, what is -4 - -21842a?
218426
In base 11, what is 3 - 22a341?
-22a339
In base 10, what is -1 - 139?
-140
In base 9, what is 158754 - -6?
158761
In base 15, what is -8e5 + 54?
-891
In base 14, what is -36 + -187?
-1bd
In base 7, what is 125 - 451?
-323
In base 16, what is 5 + 6577?
657c
In base 3, what is 1102011 + -1010022?
21212
In base 13, what is 3 + -342b2?
-342ac
In base 9, what is 215 - -4?
220
In base 7, what is -5614 - -545?
-5036
In base 16, what is 7 - -4a17?
4a1e
In base 3, what is -111210010212 + -2?
-111210010221
In base 6, what is -241 - 25431?
-30112
In base 13, what is 4186 - 2?
4184
In base 13, what is 16187 - 4?
16183
In base 6, what is -3542233 - -40?
-3542153
In base 16, what is -11eb - 165?
-1350
In base 5, what is -21341401 + -3?
-21341404
In base 11, what is 2 - a9015?
-a9013
In base 7, what is -110321 - 2?
-110323
In base 5, what is 2004 - -40340?
42344
In base 16, what is -69c7 - -6a?
-695d
In base 9, what is -2000750 - -3?
-2000746
In base 16, what is -ef01 - 5?
-ef06
In base 13, what is 1 + -4401?
-4400
In base 5, what is 1 - 441412?
-441411
In base 14, what is -2 - 1b4119?
-1b411b
In base 3, what is -121 + 10110220?
10110022
In base 3, what is -12 - -212021122?
212021110
In base 13, what is -3b + -2a49?
-2a87
In base 16, what is 226a + -5?
2265
In base 6, what is 45 + -521525?
-521440
In base 13, what is 4 - -a95?
a99
In base 15, what is -11112 - -3?
-1110e
In base 13, what is 4 + 151b0?
151b4
In base 5, what is -2002212 - -2?
-2002210
In base 10, what is 11456 + -9?
11447
In base 10, what is 11525 - 2?
11523
In base 7, what is 13 - -12232?
12245
In base 2, what is 0 - -111011111111?
111011111111
In base 8, what is -2 + 2373641?
2373637
In base 8, what is 1046500 - 2?
1046476
In base 6, what is 11 - 104350?
-104335
In base 12, what is 13064 + 9?
13071
In base 8, what is -4460 - -4?
-4454
In base 14, what is -270 + -46?
-2b6
In base 3, what is 100 - -12000121?
12000221
In base 15, what is 2a74 - 0?
2a74
In base 12, what is -351 - 1511?
-1862
In base 13, what is -5 + -6246?
-624b
In base 2, what is 101111000111 - -1100011?
110000101010
In base 10, what is -2 + -13726?
-13728
In base 7, what is -12244 + 1?
-12243
In base 7, what is 2256542 + 20?
2256562
In base 4, what is -120200 + -2000?
-122200
In base 12, what is b7454 + 1?
b7455
In base 15, what is -129a3 - -4?
-1299e
In base 15, what is 1a58 - -b?
1a64
In base 8, what is 75 - 203?
-106
In base 13, what is 2 + -3b38?
-3b36
In base 9, what is -255 + 145?
-110
In base 9, what is 113413 + 4?
113417
In base 13, what is -4 - 15029?
-15030
In base 8, what is -2637731 - -5?
-2637724
In base 12, what is 0 + 21aaa?
21aaa
In base 10, what is 173724 - -18?
173742
In base 15, what is 5c6aa - d?
5c69c
In base 7, what is 251322 - 203?
251116
In base 7, what is 0 - 23246?
-23246
In base 8, what is -232 - 3427?
-3661
In base 10, what is 5 + 13678?
13683
In base 5, what is 2230 - 33344?
-31114
In base 2, what is -1000110 - 100000001?
-101000111
In base 5, what is -2401201 - -1?
-2401200
In base 3, what is -2201 + 12002210?
12000002
In base 15, what is 594 - -59?
5ed
In base 11, what is 0 - 141207?
-141207
In base 13, what is -5 - -6886?
6881
In base 6, what is -13525354 + -2?
-13525400
In base 11, what is 801 + -33?
779
In base 3, what is -2202102202120 - 11?
-2202102202201
In base 10, what is 0 + -343846?
-343846
In base 9, what is 416 - -106?
523
In base 7, what is -541000 + 2?
-540665
In base 14, what is -4560 - -4?
-455a
In base 13, what is -37c2a - 3?
-37c30
In base 11, what is -19 + -969?
-987
In base 12, what is -13bb - -5?
-13b6
In base 7, what is -110661 - -13?
-110645
In base 13, what is -c - -37903?
378c4
In base 9, what is 63 - 131803?
-131730
In base 11, what is -38 + -8a62?
-8a9a
In base 13, what is -1810 + -2a5?
-1ab5
In base 5, what is 3 + -30332412?
-30332404
In base 11, what is 10 - 30371?
-30361
In base 7, what is 413 - 51?
332
In base 10, what is 1 - -88887?
88888
In base 4, what is 1012 + -3031000?
-3023322
In base 7, what is -2105 + 5?
-2100
In base 11, what i